{"id":1258,"date":"2018-10-16T18:13:07","date_gmt":"2018-10-16T18:13:07","guid":{"rendered":"http:\/\/hanskoetter.de\/?page_id=1258"},"modified":"2022-08-27T07:37:11","modified_gmt":"2022-08-27T07:37:11","slug":"unsere-ganze-tour","status":"publish","type":"page","link":"http:\/\/hanskoetter.de\/?page_id=1258","title":{"rendered":"Unsere ganze Tour"},"content":{"rendered":"<p>Kurz nach Beginn meiner Rente sind wir zu einer langen Wohnmobil Tour gestartet.<br \/>\nWir haben unsere alte Heimat D\u00fclmen immer mal wieder besucht, leben aber bis jetzt ohne festen Wohnsitz nur im Wohnmobil.<\/p>\n<p>Gestartet sind wir am 17. Juni 2016. In dem Jahr haben wir Deutschland und Frankreich besucht.<\/p>\n<blockquote><p><a href=\"https:\/\/umap.openstreetmap.fr\/de\/map\/edwinunterwegs-2016_284610\">Unsere Tour im Jahr 2016<\/a><\/p><\/blockquote>\n<p>Den Jahreswechsel nach 2017 haben wir in Frankreich erlebt.<br \/>\nVon Frankreich \u00fcber Deutschland dann in 2017 nach Skandinavien. D\u00e4nemark, Schweden, Finnland, Norwegen, wieder nach Schweden und D\u00e4nemark.<br \/>\nNach kurzer Rast in Deutschland und einer z\u00fcgigen Durchfahrt durch Frankreich zum ersten Mal nach Spanien.<\/p>\n<blockquote><p><a href=\"https:\/\/umap.openstreetmap.fr\/de\/map\/edwinunterwegs-2017_286791\">Unsere Tour im Jahr 2017<\/a><\/p><\/blockquote>\n<p>Weihnachten und Silvester haben wir bei Sonne in Peniscola erlebt.<br \/>\nVon hier aus haben wir die spanische S\u00fcdk\u00fcste anschlie\u00dfend die portugiesische und dann die Nordk\u00fcste Spaniens erkundet.<br \/>\n\u00dcber die franz\u00f6sische Atlantikk\u00fcste bis zur Loire M\u00fcndung und dann quer durchs Inland Frankreichs r\u00fcber nach S\u00fcddeutschland.<br \/>\nEin Abstecher nach Westfalen und weiter Richtung Nord- und Ostsee.<\/p>\n<blockquote><p><a href=\"https:\/\/umap.openstreetmap.fr\/de\/map\/edwinunterwegs-2018_294242\">Unsere Tour im Jahr 2018<\/a><\/p><\/blockquote>\n<p>Ostsee, Harz und Franken sind jetzt der Anfang f\u00fcr das Jahr 2019.<\/p>\n<blockquote><p><a href=\"https:\/\/umap.openstreetmap.fr\/de\/map\/edwinunterwegs-2019_295702\">Unsere Tour im Jahr 2019<\/a><\/p><\/blockquote>\n<p>Rund um die Ostsee im Sommer 2019 mit Polarstep erstellt.<\/p>\n<blockquote><p><a href=\"https:\/\/www.polarsteps.com\/EdWinUnterwegs\/1663557-rundumdieostsee?2s=6665bed3-efb2-4aef-9bf1-bb42a96d0de\"> Unsere Tour Sommer 2019 Rund um die Ostsee<\/a><\/p><\/blockquote>\n<p>Ohne zu Wissen, das uns bald die Coronakrise ereilt ging es f\u00fcr den Winter 2019\/2020 nach S\u00fcdeuopa.<\/p>\n<blockquote><p><a href=\"https:\/\/www.polarsteps.com\/EdWinUnterwegs\/2510532-sudeuropa?s=34fc4cd8-1f0f-427a-a285-4d6c71b6c1d8\"> Auf nach S\u00fcdeuopa 2019\/20\u00a0<\/a><\/p><\/blockquote>\n<p>Mit Beginn der gro\u00dfen Krise sind wir zur\u00fcck nach Deutschland, nach D\u00fclmen. Jetzt bleiben wir auch erstmal in Deutschland!<\/p>\n<blockquote><p><a href=\"https:\/\/www.polarsteps.com\/EdWinUnterwegs\/3484741-nach-corona\"> Nach Corona geht es wieder los <\/a><\/p><\/blockquote>\n","protected":false},"excerpt":{"rendered":"<p>Kurz nach Beginn meiner Rente sind wir zu einer langen Wohnmobil Tour gestartet. Wir haben unsere alte Heimat D\u00fclmen immer mal wieder besucht, leben aber bis jetzt ohne festen Wohnsitz nur im Wohnmobil. Gestartet sind wir am 17. Juni 2016. In dem Jahr haben wir Deutschland und Frankreich besucht. Unsere Tour im Jahr 2016 Den [&hellip;]<\/p>\n","protected":false},"author":1,"featured_media":0,"parent":0,"menu_order":0,"comment_status":"open","ping_status":"closed","template":"","meta":{"footnotes":""},"class_list":["post-1258","page","type-page","status-publish","hentry"],"jetpack_sharing_enabled":true,"jetpack_shortlink":"https:\/\/wp.me\/P91k6F-ki","_links":{"self":[{"href":"http:\/\/hanskoetter.de\/index.php?rest_route=\/wp\/v2\/pages\/1258"}],"collection":[{"href":"http:\/\/hanskoetter.de\/index.php?rest_route=\/wp\/v2\/pages"}],"about":[{"href":"http:\/\/hanskoetter.de\/index.php?rest_route=\/wp\/v2\/types\/page"}],"author":[{"embeddable":true,"href":"http:\/\/hanskoetter.de\/index.php?rest_route=\/wp\/v2\/users\/1"}],"replies":[{"embeddable":true,"href":"http:\/\/hanskoetter.de\/index.php?rest_route=%2Fwp%2Fv2%2Fcomments&post=1258"}],"version-history":[{"count":24,"href":"http:\/\/hanskoetter.de\/index.php?rest_route=\/wp\/v2\/pages\/1258\/revisions"}],"predecessor-version":[{"id":2177,"href":"http:\/\/hanskoetter.de\/index.php?rest_route=\/wp\/v2\/pages\/1258\/revisions\/2177"}],"wp:attachment":[{"href":"http:\/\/hanskoetter.de\/index.php?rest_route=%2Fwp%2Fv2%2Fmedia&parent=1258"}],"curies":[{"name":"wp","href":"https:\/\/api.w.org\/{rel}","templated":true}]}}